+ m = 2, 2*m + 4 = -0*m. Suppose y*f = -3*o + 5*f + 3, 0 = 4*o + 2*f - 28. What is k(o)?
1
Suppose -c = -6 + 13. Let b(d) = -d**2 - 3*d + 1. What is b(c)?
-27
Suppose 4*m - 8 + 0 = 0. Let q(y) = 0*y**3 - y + m*y**3 - y - y**2. Let v = -1446 - -1448. What is q(v)?
8
Let c(x) = -x**3 - x**2 + 2*x + 3. Let o = -85 + 61. Let m = o + 22. Give c(m).
3
Let p(d) = d - 21. Suppose 0 = -5*x + x + 5*w + 13, 2*w = -3*x + 27. What is p(x)?
-14
Let t(u) = -u**2 + 3*u + 7. Let q be 2/4 + (-2 - (-2565)/(-6)). Let j be 1/8 + q/(-88). Calculate t(j).
-3
Suppose -4*y + 8 = 0, 2*g = -3*g + 5*y. Let v(k) = -3*k - 2*k**2 + 5 + 0*k + g*k**2 + k**2. Calculate v(4).
9
Let s(q) = 4*q**2 - q. Suppose -h = 5*i + h + 4, -2*i = -h - 2. Suppose -3*u + 2 = -u. Suppose j - 4*y = 9, u = -j - y - i*y. Give s(j).
3
Let a(k) = 0 - 3 + 5 + k. Let l(y) = y**3 - 7*y**2 - 17*y - 9. Let w be l(9). Suppose 4*t - 2*g + 8 = -w*g, 4*t = 3*g - 12. What is a(t)?
2
Let f(u) = -u - 13. Let h = 2 + 0. Suppose h*a = k - 3*a + 32, 60 = -4*k + 3*a. What is f(k)?
-1
Let n(t) = -t**3 + 15*t**2 + 33*t + 17. Let o be n(17). Let z(p) = 4*p + o*p + 4 - 5*p + 2*p. What is z(4)?
8
Let u(p) = 2*p**2 + 14. Let v(n) = -n**2 - 2*n - 1. Let w(r) = u(r) + 3*v(r). Give w(-7).
4
Let c(n) = -n**3 + n**2 + n + 2. Suppose 0 = -v + 5*v. Let z be 4 + v/(-3 - 1). Suppose -z*g = g. Determine c(g).
2
Let x(n) = -n**2 - 3*n + 1. Let r = 1308 + -1307. Determine x(r).
-3
Let r = -229 - -232. Let s(t) = -3*t**2 - 5*t + 4. Determine s(r).
-38
Let g(n) = 4 + 5*n**3 - 4*n**3 - n**3 - 4*n**2 - n**3. Suppose 0 = 5*d + 4*p + 40, 6 = d - 4*p + 2*p. Give g(d).
4
Let o(l) = -l**3 + 4*l**2 + 12*l + 8. Let u be o(-1). Let i(m) = 7*m**2 - 3*m + 1. Let p(b) = 34*b**2 - 16*b + 5. Let h(a) = 11*i(a) - 2*p(a). Calculate h(u).
9
Let x(l) be the third derivative of l**6/120 - l**5/12 + l**4/24 - l**3/6 - 14*l**2. Suppose 3*z + 20 = 7*z. Give x(z).
4
Let h(p) = 3*p + 3. Let o(j) = 5*j + 4. Let c(s) = -6*h(s) + 5*o(s). Suppose -5*g = 3*z - 11, -2*z + 1 = -g - 2*g. Give c(z).
16
Let z(a) = 45*a + 4. Let c(t) = -24*t - 2. Let g(v) = -5*c(v) - 3*z(v). Give g(2).
-32
Let h = 31 - 31. Let l(m) = -2*m. Let t be l(h). Let f(v) = -v + 19. What is f(t)?
19
Let u = 103 - 145. Let b = u - -16. Let a = 31 + b. Let w(l) = -l. Calculate w(a).
-5
Let m(l) = 5 + 10 + l - 33 + 11. Determine m(4).
-3
Let j(m) = -m + 5. Let r be (-1)/(2*4/(-16)). Suppose 0 = -2*h - n + 10, 0*n + 2 = -r*h + 5*n. Determine j(h).
1
Let y = -7 - -7. Let f(c) be the third derivative of c**7/5040 - c**6/360 - c**5/12 - 2*c**2. Let m(v) be the third derivative of f(v). Give m(y).
-2
Let g(q) = -q + 6*q - 10*q**2 + 0*q**2 - 12 + 3*q + 0*q + q**3. Calculate g(9).
-21
Let n(g) = 10*g - 4. Let m = -1861 + 1863. Determine n(m).
16
Let k(z) = -z**2 + z - 1. Suppose -7 + 17 = -5*a + 4*b, 15 = -5*a + 5*b. Let l(r) = -r**2 + 3*r - 2. Let c be l(a). Suppose 4*m - 2 - 2 = c. Determine k(m).
-1
Let a(r) = -6*r - 7 + 594*r**2 - r + 0*r - 595*r**2. Calculate a(-5).
3
Let r(s) = s**3 + 16*s**2 - 16*s + 22. Let w be r(-17). Let t(c) = -c**2 + 6*c + 2. Let d(a) = a**2 - 6*a - 3. Let f(j) = -3*d(j) - 4*t(j). What is f(w)?
-4
Let c(g) = -17*g - 3. Let h be ((-6)/(-10))/(156/(-260)). Calculate c(h).
14
Let d(r) be the third derivative of r**4/6 - 5*r**3/6 + 6*r**2. Let i be d(3). Let x(h) = -5*h**3 - 2 - h**3 - h**2 + i*h**3 + 3*h + 6*h**2. What is x(-4)?
2
Let u(x) = -108*x - 539. Let c be u(-5). Let m(n) = 5*n**3 + n**2 + n - 1. Calculate m(c).
6
Let h(j) = -j**2 - 8*j - 18. Let x(l) = 2*l**2 + 15*l + 33. Let g(z) = 7*h(z) + 4*x(z). Calculate g(-4).
6
Let s be 30/(-8) + 1 - (-12)/4. Let d(t) be the first derivative of -s*t**4 + 2 + 5/3*t**3 - 8*t + 4*t**2. What is d(6)?
4
Suppose 0*x - 25 = 5*x. Let z(p) be the third derivative of -18*p**2 + 0*p + 2*p**3 + 1/24*p**4 + 0. Determine z(x).
7
Let m(y) = -7*y**2 - 9*y + 16. Let f(t) = -20*t**2 - 25*t + 45. Let o(g) = 6*f(g) - 17*m(g). Suppose 5*a = 0, -3*a = -5*k - 0*a + 10. What is o(k)?
0
Let a(c) = c**2 + 6*c + 6. Suppose -4 = 2*v + 6, 0 = -i - 3*v - 21. Let m(k) = -2*k - 7. Let o be m(i). Suppose -o*s = -s + 20. Calculate a(s).
1
Let y(o) be the first derivative of 1/24*o**4 - 1/6*o**3 - 1/10*o**5 - 1/120*o**6 + 0*o + 2*o**2 + 5. Let v(t) be the second derivative of y(t). Give v(-6).
-7
Let t = -74 - -71. Let v(j) = -3*j - 7. Let a(h) = -3*h - 6. Let y(u) = t*a(u) + 2*v(u). What is y(-3)?
-5
Let k(m) be the second derivative of m**3/6 - 4*m**2 - m. Suppose -81 = 10325*j - 10334*j. Calculate k(j).
1
Let m(p) = -p**3 - 8*p**2 - 2*p - 7. Let w(h) = -2*h**2 - 12*h + 6. Let s be w(-7). What is m(s)?
9
Let u(s) be the first derivative of -1/6*s**3 + 1/2*s**2 - 4*s + 7. Let v(f) be the first derivative of u(f). What is v(2)?
-1
Let v(u) = -6*u. Suppose -113*s + 17*s = 0. Calculate v(s).
0
Suppose -4 = h - 6. Let r(d) = -10*d**2 + d**h + 8*d**2 - 2*d - 2 - 4*d. Let u be -2 - (3 + (0 - 1)). What is r(u)?
6
Let f(w) = -w**2 - 5*w - 3. Suppose 5*l + 31 = 2*n, -4*l - 35 = -8*n + 3*n. Give f(n).
-27
Let s be (5/(-15))/((-2)/42). Let u(y) = 2*y**3 - 2*y - 1. Let z(x) = x**3 + 6*x**2 + 6*x + 4. Let j(p) = -u(p) + z(p). Calculate j(s).
12
Let y(l) be the first derivative of l**4/4 + 4*l**3/3 + 3*l**2/2 + 4*l - 286. What is y(-3)?
4
Suppose r + 4*f + 10 + 5 = 0, 4*f + 40 = 4*r. Let j(p) be the second derivative of 2*p**2 + 1/2*p**3 - 1/12*p**4 + 18*p + 0. Calculate j(r).
-6
Let y(q) be the third derivative of -q**6/120 + q**5/12 - q**4/6 + q**3 - 46*q**2. What is y(4)?
6
Let h(r) = -3*r**2 + 18*r - 8. Let n(x) = x**2 - 6*x + 3. Let o(s) = 2*h(s) + 7*n(s). Let p = 34 - 30. Determine o(p).
-3
Let l be (-9 + 65)/7 + -9. Let h(k) = 10*k**2 + 3*k + 1. Determine h(l).
8
Let l(w) = -12*w**3 + w. Let k(q) = -q**3 + 34*q**2 - 167*q - 27. Let j be k(28). Give l(j).
-11
Suppose 4*q = p + 22, 4*p - 46*q + 51*q = -4. Let u(y) = -y - 4. Determine u(p).
2
Let l(k) = -k. Let x(f) = f**2 - 4*f + 3. Let n(y) = 2*l(y) - x(y). Suppose 62*u = 15*u + 188. Give n(u).
-11
Let v(a) = 7*a**2 + 72 + 3*a - 77 - 14*a. Let h(z) = -3*z**2 + 5*z + 2. Let i(k) = 5*h(k) + 2*v(k). Give i(2).
2
Let p be (-4)/((-1)/(-4)*(-12 + 10)). Let g(a) = -a**2 + 6*a + 8. What is g(p)?
-8
Let f(w) = 4*w**2 - 1. Let p be f(-1). Suppose -3*l = -p*n + 21, -5*n + 23 = -2*l + 3. Let a(y) = 4*y**2 + 2 - 4*y**3 - 89*y + 5*y**3 + 86*y. Calculate a(l).
-8
Let o(h) = -2*h**2 - h + 1. Let z = -480 - -482. Determine o(z).
-9
Let i(h) be the first derivative of h**2/2 + 5*h - 46. What is i(-5)?
0
Let k be 4/(2*(-4)/156). Let w = k - -78. Let h(t) = -t**2 - t + 20. Determine h(w).
20
Let w(s) = 4*s**2 + 5*s + 3. Let f(c) = -c**2 + c - 4. Let j(y) = f(y) + w(y). Determine j(-5).
44
Let u(c) be the second derivative of c**5/20 - c**4/2 - c**3 - 4*c**2 - 85*c. Give u(7).
-1
Let z(t) = -14*t**2 + 13*t - 8. Let q(g) = 5*g**2 - 4*g + 3. Let l(a) = -11*q(a) - 4*z(a). Calculate l(9).
8
Let m(g) = g**3 - 4*g**2 + 3*g + 4. Let t be -1*(0 + 3 - 5). Let s(i) = -t + 2*i - 4 + 4*i - 5*i. Let o be s(9). What is m(o)?
4
Let q(a) = 1. Let j(c) = 4*c - 7. Let y(t) = j(t) + 6*q(t). Let u = -53 + 35. Let d = u - -17. Give y(d).
-5
Let r(c) = c**3 + 8*c**2 + 10*c + 9. Suppose -57*f = -52*f - 70. Suppose -16*k + f*k = 14. Determine r(k).
-12
Suppose 0 = 2*d - 83 + 13. Let a = -40 + d. Let f(y) = -y**3 - 5*y**2 - y + 5. What is f(a)?
10
Let f(h) = -2*h - 10. Suppose -2*g + 25 - 5 = 4*w, 2*g + 3*w = 18. Suppose -g*o - 31 = 3*s - o, 15 = -3*s + 3*o. What is f(s)?
4
Let u(x) = -4 + 10*x + 11*x + 15*x - 35*x. Determine u(12).
8
Let x(d) = d**2 - 3*d + 3. Let z be ((-1)/5)/((-1)/15). Suppose 4*n = z - 11. Let p be 30/20*(4 + n). Determine x(p).
3
Let u(l) = -l**3 + 4*l**2 + 5*l - 3. Suppose -139*y + 141*y - 6 = 0. Give u(y).
21
Let q(b) = -b**2 + b - 4. Let x = 30 + -28. Suppose g + 2 = h, -g + 4*g + x*h = 4. Determine q(g).
-4
Let v(h) = -143 - 2*h**2 + 49 + 93. Calculate v(-1).
-3
Let a(m) be the second derivative of m**5/20 - m**4/3 - 4*m**3/3 + 5*m**2 + 98*m. Give a(4).
-22
Suppose -3*a + 87 = -0*a. Let b = 31 - a. Suppose b*h = -6 + 2. Let n(i) = -3*i**2 + i + 1. What is n(h)?
-13
Let c(h) = h**2 - 3*h - 7. Let n = -5 + 10. Let m be c(n). Let u(o) = -6 + 5 + 3*o - o - 6*o + o**2 + 0. Give u(m).
-4
Let r(z) be the first derivative of 2 + 1/3*z**3 - 2*